{"id":7,"date":"2026-04-06T08:35:39","date_gmt":"2026-04-06T08:35:39","guid":{"rendered":"http:\/\/pbv88urls.com\/?page_id=7"},"modified":"2026-04-06T09:05:21","modified_gmt":"2026-04-06T09:05:21","slug":"home","status":"publish","type":"page","link":"https:\/\/pbv88urls.com\/index.php\/home\/","title":{"rendered":"Home"},"content":{"rendered":"\n<div class=\"wp-block-cover alignfull is-dark\" style=\"padding-top:56px;padding-right:20px;padding-bottom:56px;padding-left:20px;min-height:560px;aspect-ratio:unset;\"><span aria-hidden=\"true\" class=\"wp-block-cover__background has-black-background-color has-background-dim-60 has-background-dim\"><\/span><img decoding=\"async\" class=\"wp-block-cover__image-background\" alt=\"MCW Casino Vietnam\" src=\"https:\/\/YOUR-DOMAIN.com\/wp-content\/uploads\/2026\/04\/mcw-hero.jpg\" data-object-fit=\"cover\"\/><div class=\"wp-block-cover__inner-container is-layout-flow wp-block-cover-is-layout-flow\">\n\n\n<div class=\"wp-block-group is-layout-constrained wp-container-core-group-is-layout-b28b0c43 wp-block-group-is-layout-constrained\">\n\n\n<div class=\"wp-block-columns are-vertically-aligned-center is-layout-flex wp-container-core-columns-is-layout-f2b4f319 wp-block-columns-is-layout-flex\">\n\n\n<div class=\"wp-block-column is-vertically-aligned-center is-layout-flow wp-block-column-is-layout-flow\" style=\"flex-basis:60%\">\n\n\n<p class=\"has-gray-color has-text-color has-small-font-size\">MCW Casino Vietnam<\/p>\n\n\n\n<h1 class=\"wp-block-heading has-white-color has-text-color\" style=\"font-size:64px;font-style:normal;font-weight:700;line-height:1.08\">Truy c\u1eadp MCW Casino t\u1ea1i Vi\u1ec7t Nam: Gi\u1ea3i ph\u00e1p m\u01b0\u1ee3t m\u00e0 cho m\u1ecdi ng\u01b0\u1eddi ch\u01a1i<\/h1>\n\n\n\n<p class=\"has-cyan-bluish-gray-color has-text-color\" style=\"font-size:24px;line-height:1.45\">Mega Casino World (MCW) cung c\u1ea5p c\u00e1c \u0111\u01b0\u1eddng link truy c\u1eadp thay th\u1ebf, gi\u00fap ng\u01b0\u1eddi ch\u01a1i t\u1ea1i Vi\u1ec7t Nam k\u1ebft n\u1ed1i d\u1ec5 d\u00e0ng v\u00e0 nhanh ch\u00f3ng v\u1edbi trang web, b\u1ea5t ch\u1ea5p c\u00e1c h\u1ea1n ch\u1ebf v\u1ec1 c\u1edd b\u1ea1c tr\u1ef1c tuy\u1ebfn.<\/p>\n\n\n\n<p class=\"has-cyan-bluish-gray-color has-text-color\" style=\"font-size:24px;line-height:1.45\">C\u00e1c \u0111\u01b0\u1eddng link thay th\u1ebf n\u00e0y gi\u00fap ng\u01b0\u1eddi d\u00f9ng v\u01b0\u1ee3t qua s\u1ef1 ch\u1eb7n l\u1ecdc c\u1ee7a nh\u00e0 cung c\u1ea5p d\u1ecbch v\u1ee5 Internet (ISP) ho\u1eb7c c\u00e1c r\u00e0o c\u1ea3n c\u1ee7a ch\u00ednh ph\u1ee7 th\u00f4ng qua c\u00e1c t\u00ean mi\u1ec1n ho\u1eb7c \u0111\u1ecba ch\u1ec9 IP ph\u1ee5.<\/p>\n\n\n\n<div class=\"wp-block-buttons is-layout-flex wp-container-core-buttons-is-layout-53286a0f wp-block-buttons-is-layout-flex\">\n\n<div class=\"wp-block-button\"><a class=\"wp-block-button__link has-white-color has-vivid-cyan-blue-background-color has-text-color has-background wp-element-button\" href=\"https:\/\/YOUR-LOGIN-URL.com\" style=\"border-radius:8px;padding-top:14px;padding-right:24px;padding-bottom:14px;padding-left:24px\">\u0110\u0103ng nh\u1eadp<\/a><\/div>\n\n\n\n<div class=\"wp-block-button\"><a class=\"wp-block-button__link has-white-color has-luminous-vivid-amber-background-color has-text-color has-background wp-element-button\" href=\"https:\/\/YOUR-REGISTER-URL.com\" style=\"border-radius:8px;padding-top:14px;padding-right:24px;padding-bottom:14px;padding-left:24px\">\u0110\u0103ng k\u00fd<\/a><\/div>\n\n<\/div>\n\n\n<\/div>\n\n\n\n<div class=\"wp-block-column is-vertically-aligned-center is-layout-flow wp-block-column-is-layout-flow\" style=\"flex-basis:40%\">\n\n\n<figure class=\"wp-block-image size-large has-custom-border is-style-default\"><img decoding=\"async\" src=\"https:\/\/YOUR-DOMAIN.com\/wp-content\/uploads\/2026\/04\/mcw-side-visual.png\" alt=\"MCW visual\" style=\"border-radius:16px\"\/><\/figure>\n\n\n<\/div>\n\n\n<\/div>\n\n\n<\/div>\n\n\n<\/div><\/div>\n","protected":false},"excerpt":{"rendered":"","protected":false},"author":1,"featured_media":0,"parent":0,"menu_order":0,"comment_status":"closed","ping_status":"closed","template":"","meta":{"_uag_custom_page_level_css":"","site-sidebar-layout":"default","site-content-layout":"","ast-site-content-layout":"default","site-content-style":"default","site-sidebar-style":"default","ast-global-header-display":"","ast-banner-title-visibility":"","ast-main-header-display":"","ast-hfb-above-header-display":"","ast-hfb-below-header-display":"","ast-hfb-mobile-header-display":"","site-post-title":"","ast-breadcrumbs-content":"","ast-featured-img":"","footer-sml-layout":"","ast-disable-related-posts":"","theme-transparent-header-meta":"","adv-header-id-meta":"","stick-header-meta":"","header-above-stick-meta":"","header-main-stick-meta":"","header-below-stick-meta":"","astra-migrate-meta-layouts":"default","ast-page-background-enabled":"default","ast-page-background-meta":{"desktop":{"background-color":"var(--ast-global-color-5)","background-image":"","background-repeat":"repeat","background-position":"center center","background-size":"auto","background-attachment":"scroll","background-type":"","background-media":"","overlay-type":"","overlay-color":"","overlay-opacity":"","overlay-gradient":""},"tablet":{"background-color":"","background-image":"","background-repeat":"repeat","background-position":"center center","background-size":"auto","background-attachment":"scroll","background-type":"","background-media":"","overlay-type":"","overlay-color":"","overlay-opacity":"","overlay-gradient":""},"mobile":{"background-color":"","background-image":"","background-repeat":"repeat","background-position":"center center","background-size":"auto","background-attachment":"scroll","background-type":"","background-media":"","overlay-type":"","overlay-color":"","overlay-opacity":"","overlay-gradient":""}},"ast-content-background-meta":{"desktop":{"background-color":"var(--ast-global-color-4)","background-image":"","background-repeat":"repeat","background-position":"center center","background-size":"auto","background-attachment":"scroll","background-type":"","background-media":"","overlay-type":"","overlay-color":"","overlay-opacity":"","overlay-gradient":""},"tablet":{"background-color":"var(--ast-global-color-4)","background-image":"","background-repeat":"repeat","background-position":"center center","background-size":"auto","background-attachment":"scroll","background-type":"","background-media":"","overlay-type":"","overlay-color":"","overlay-opacity":"","overlay-gradient":""},"mobile":{"background-color":"var(--ast-global-color-4)","background-image":"","background-repeat":"repeat","background-position":"center center","background-size":"auto","background-attachment":"scroll","background-type":"","background-media":"","overlay-type":"","overlay-color":"","overlay-opacity":"","overlay-gradient":""}},"footnotes":""},"class_list":["post-7","page","type-page","status-publish","hentry"],"uagb_featured_image_src":{"full":false,"thumbnail":false,"medium":false,"medium_large":false,"large":false,"1536x1536":false,"2048x2048":false},"uagb_author_info":{"display_name":"PBV88","author_link":"https:\/\/pbv88urls.com\/index.php\/author\/pbv88\/"},"uagb_comment_info":0,"uagb_excerpt":null,"_links":{"self":[{"href":"https:\/\/pbv88urls.com\/index.php\/wp-json\/wp\/v2\/pages\/7","targetHints":{"allow":["GET"]}}],"collection":[{"href":"https:\/\/pbv88urls.com\/index.php\/wp-json\/wp\/v2\/pages"}],"about":[{"href":"https:\/\/pbv88urls.com\/index.php\/wp-json\/wp\/v2\/types\/page"}],"author":[{"embeddable":true,"href":"https:\/\/pbv88urls.com\/index.php\/wp-json\/wp\/v2\/users\/1"}],"replies":[{"embeddable":true,"href":"https:\/\/pbv88urls.com\/index.php\/wp-json\/wp\/v2\/comments?post=7"}],"version-history":[{"count":2,"href":"https:\/\/pbv88urls.com\/index.php\/wp-json\/wp\/v2\/pages\/7\/revisions"}],"predecessor-version":[{"id":11,"href":"https:\/\/pbv88urls.com\/index.php\/wp-json\/wp\/v2\/pages\/7\/revisions\/11"}],"wp:attachment":[{"href":"https:\/\/pbv88urls.com\/index.php\/wp-json\/wp\/v2\/media?parent=7"}],"curies":[{"name":"wp","href":"https:\/\/api.w.org\/{rel}","templated":true}]}}